- 2. Let u be s(-2). Let q(l) = -3*l - 4. Let d be q(-10). Suppose -t + d - u = 2*h, 0 = 5*h - 4*t - 55. Is h composite?
False
Suppose -3*d + 0 - 2 = -k, d = 5*k - 10. Suppose k*b - 4 = 0, 0*b - 18 = -g - 4*b. Is 4/g*5 - -185 composite?
True
Let l = 4650 + -1387. Is l a prime number?
False
Suppose -2*f = -1151 - 995. Let u be 12/(-126) - (-2)/21. Suppose -f = -3*n - 4*h, u*n - h - 1078 = -3*n. Is n a composite number?
False
Let s(c) = -317*c + 4. Let b be s(2). Suppose -691 = 2*y + 187. Let n = y - b. Is n prime?
True
Suppose 14*x = 217864 + 31350. Is x a prime number?
False
Let s be ((-2)/(-7) - 72/(-42))/1. Is ((-11772)/8 + s)/((-2)/4) a composite number?
False
Suppose -g + 2*i = -68, 2*g - 3*i = -5*i + 142. Suppose -68*o = -g*o + 830. Is o prime?
False
Suppose 952 - 3207 = -5*n. Is n a composite number?
True
Let p(w) = -7*w**3 + 27*w**2 - w - 54*w**2 + 26*w**2 - 2. Is p(-3) prime?
True
Suppose 29*i - 6 = 26*i, 4*t - 5046 = -5*i. Is t a composite number?
False
Let r = 412 - -239. Suppose 0 = 5*v - r + 226. Is v composite?
True
Suppose 0 = -7*q - 4*q + 44. Suppose -4*g + 2*h - h + 747 = 0, 4 = q*h. Is g composite?
True
Suppose -589408 = -19*z - 13*z. Is z a prime number?
False
Let c = -50 - -54. Is 5595/c - (-5)/20 composite?
False
Suppose 4*h + 12 = -156. Let g = 623 - 390. Let m = h + g. Is m a prime number?
True
Let p(q) = q**3 - 19*q**2 + 17*q + 11. Is p(20) prime?
True
Let h(c) = -c**3 + 27*c**2 - 35. Is h(24) prime?
True
Suppose 2*n - 5*z - 43811 = 0, -5*n + 109440 = -2*z + 7*z. Is n prime?
True
Let g = -123 + 732. Let p = 1142 + g. Is (-3)/(-2) - p/(-2) a composite number?
False
Suppose 2637 + 3410 = w. Is w composite?
False
Let n(p) = -513*p - 58. Is n(-3) prime?
True
Let r(z) = -273*z**2 - 13*z + 7. Let s(t) = 410*t**2 + 19*t - 10. Let c(q) = -8*r(q) - 5*s(q). Is c(-5) prime?
True
Suppose -316 = -109*k + 105*k. Suppose -k*q + 83*q - 12068 = 0. Is q a prime number?
False
Suppose 5*y + 2*x = 13, -5*y + x - 6*x = -25. Let w = y + 1. Suppose 2*o = 3*a - 383, w*a = -0*a - 2*o + 252. Is a a composite number?
False
Is 140/(-30)*(-1074)/4 prime?
False
Let h(c) = -c**3 + 14*c**2 + 17*c + 55. Is h(15) a prime number?
False
Suppose 0 = 5*r - 51 + 1. Let g be (-2 + 4 + -3)*43. Is (50/r)/((-1)/g) prime?
False
Suppose 15 = w - 6*w. Let m(c) = -7*c**2 - 4*c. Let q(y) = -22*y**2 - 11*y - 1. Let s(p) = 11*m(p) - 4*q(p). Is s(w) prime?
True
Suppose 3*c = 3*y + y + 29, -3*c - 6 = 3*y. Suppose q - 2*t + 1 = 0, 2*q + 1 - c = 2*t. Is (-1)/(-3) - (-290)/q a composite number?
False
Let n be -3 - (-9 - 0/4). Let k = n + -1. Suppose 429 = 2*u + 3*m + 32, -4*m = k*u - 975. Is u prime?
True
Suppose -2*v - 3*v - 15 = 0, -v = -5*g - 2. Let l(b) = 256*b**2 + 2*b + 1. Let p be l(g). Suppose 4*m = -m + p. Is m composite?
True
Let h(f) = 24316*f**2 + 1. Is h(-1) composite?
False
Suppose 3*j + 11988 = 2*s, 3*j + 2778 = s - 3213. Is s a composite number?
True
Let l = 44461 - 22262. Is l a prime number?
False
Suppose 1584*i - 1577*i = 33159. Is i prime?
False
Let d(i) = -i + 3. Let l be d(2). Suppose l + 0 = c. Is (-33)/(-9)*c*3 composite?
False
Suppose -j = 39 - 40. Let w(n) = 417*n**2 + n + 1. Is w(j) a prime number?
True
Let a(s) = 49*s + 22. Let u(d) = 48*d + 23. Let w(n) = 4*a(n) - 5*u(n). Is w(-10) prime?
False
Is ((-5)/(-10))/((-2)/(-6908)) a prime number?
False
Let x(k) = k**2 - 2*k - 3. Let c be x(4). Let r(o) = -21*o - 10. Let n be r(c). Is n*1/2*-2 composite?
True
Suppose 59 = 4*k + 11. Let s be (-21)/k*8/2. Let h(r) = -15*r + 16. Is h(s) prime?
False
Suppose -l + 4*z + 1951 = 0, l + 2*z - z = 1941. Is l a composite number?
True
Suppose -4*j = -3*u + 3315, 5*u - u - 2*j - 4420 = 0. Suppose -g + 2*v - u = -4*g, 0 = -g - 3*v + 359. Is g a prime number?
False
Let n be (0 - 0)/(8/(-12)*-3). Suppose n*j + 30 = j - 3*t, 0 = 3*t + 9. Is j a composite number?
True
Suppose 5 = 4*q - 0*c + c, -7 = -3*q - 4*c. Let f be 21/7 + 0 + q. Suppose -5*i = f*h - 3*h - 239, -5*h + 1299 = -i. Is h prime?
False
Let h(v) = 4*v**2 - 9*v + 16. Let n(l) = 2*l**3 - 2*l**2 - l - 1. Let m be n(2). Is h(m) a prime number?
True
Suppose 42285 = 9*p + 9120. Suppose 4*d + 0*d + 3*j - p = 0, 2766 = 3*d + 3*j. Is d a composite number?
False
Suppose -n - 2*u = -6*u + 2, 1 = -n + 3*u. Let c(g) = 66*g**2 - 4*g + 3. Is c(n) composite?
True
Let h(x) = x**3 - 9*x. Let d be h(-3). Suppose 4*g - 3*g - 879 = -2*i, 4*i - 5*g - 1723 = d. Is i prime?
False
Let f = 6705 - 4781. Suppose 9*t - 6235 = -f. Is t prime?
True
Let n(l) = 2*l + 4 - 1 + 1 + 2. Let a be n(0). Is a*(-4)/8 + 82 a composite number?
False
Suppose 14 - 8 = 3*v. Suppose r + 0*j = j + 53, 0 = 4*r - v*j - 210. Let b = r + -15. Is b prime?
True
Let v = 7168 + -4917. Is v a prime number?
True
Suppose 0 = 3*f - 7 - 2. Let q be 209/f + (-1)/(-3). Suppose 2*w - 28 = 2*u, u + 2*u = 5*w - q. Is w composite?
True
Let h(u) = -u**3 - 6*u**2 + 8*u + 6. Let t be h(-7). Let q = 12 + t. Is q a prime number?
True
Let w be 181/(-3 - (-14)/4). Let l(r) = -r**3 - 7*r**2 - 8*r - 8. Let f be l(-6). Suppose 182 = 2*m + 2*a, -f*m + w = -a + 4*a. Is m prime?
True
Suppose -3*l = -4*h + 40, -2*h + 0*l + 5*l + 34 = 0. Let a(y) be the third derivative of y**5/6 + 3*y**3/2 - 37*y**2 - 3*y. Is a(h) composite?
False
Suppose f + f - 3*p - 7754 = 0, -p = 0. Is f a prime number?
True
Let j(x) = -18*x**2 + 3*x + 12. Let s be j(5). Is (s/(-2))/(-3)*20/(-15) a composite number?
True
Suppose -5*n + 859 + 2466 = 0. Let k = -433 + n. Suppose 11*x = 15*x - k. Is x a composite number?
True
Suppose 0 = 3*h - 433 - 365. Suppose 6 = 4*x - 2*x. Suppose -v + x*v = h. Is v a prime number?
False
Suppose -2*b = 2*l - b - 10, -2*l = 2*b - 10. Suppose -2*k + 18 = -2*x, 2*x = -3*k + 22 - l. Is k composite?
False
Suppose -40*w + 48*w = 18904. Is w composite?
True
Let z = 107 - 111. Is (-3*1)/((-32825)/(-8210) + z) prime?
False
Let z(h) = h**3 + 2*h**2 - 3*h - 6. Let i be z(-4). Let c be (i/4)/(6/(-12)). Let b = 70 + c. Is b a composite number?
False
Let w(z) = 752*z**2 - 26*z + 133. Is w(5) a prime number?
True
Let o(d) be the second derivative of -10*d + d**3 + 0 + 4*d**2 + 1/4*d**4. Is o(-5) a prime number?
True
Let a = -514 + 12657. Is a a composite number?
False
Suppose 8*p + 18 = 2*p. Let b be (2/4)/(p/42). Let d(z) = 6*z**2 + 6*z + 5. Is d(b) prime?
True
Suppose 3*c - 9 = -3*x, -11*x + 6*x + 2*c + 1 = 0. Is x/((4/(-4))/(-163)) composite?
False
Is (-64)/(-16)*(-4441)/(-4) composite?
False
Suppose -5*v - 5*i = -2*v + 17, 0 = 3*v - 5*i - 23. Is (3/(-9))/v - 133080/(-18) a prime number?
True
Suppose 0 = -p - 292 - 245. Let a be -3 + 70/22 + 5418/(-33). Let k = a - p. Is k prime?
True
Let i(o) = 14*o + 3. Let p be i(-1). Let l(s) = -s - 14. Let q be l(p). Is (233/2)/(q/(-6)) a prime number?
True
Let u(w) = -3*w**3 + w**2 + 10*w + 10. Let y be -4 - ((3 + -2)*-1 + 1). Is u(y) prime?
False
Let a = -343 + 995. Suppose -7*l + 11*l = a. Suppose 70 + l = c. Is c composite?
False
Suppose 0 = -3*i - w + 18334, -5*w + 6*w = -5*i + 30556. Let q = i + -4010. Is q composite?
True
Suppose -2*n + 3*v = -0*v - 23, 2*n - 13 = v. Suppose d + 4909 = 3*w, -3*w + 4*d - 1645 = -n*w. Is w a composite number?
False
Suppose -s = -6*s + 15. Suppose 0 = s*z - 5*a - 511 - 95, 0 = z - 4*a - 195. Suppose 0 = -4*u - 5*q + z, -4*u - 3*q - q = -208. Is u a prime number?
True
Let j be (-22)/((-4726)/10962 + (-6)/(-14)). Suppose -3471 = -12*d + j. Is d composite?
True
Let b(o) = 5*o**2 + 2*o + 7. Let l(w) = -8*w + 3*w - 14 - 11*w**2 + w. Let r(u) = -11*b(u) - 6*l(u). Is r(4) prime?
True
Suppose -5 = -2*s + 19. Let r be (-6)/4*344/s. Is (-2 - -1)*(r - 0) a composite number?
False
Let d be (1 + 1)*85/(-10). Let n = d - -20. Is (3 + 202/3)*n a composite number?
False
Let s(u) = -6*u**2 - 22*u + 13. Let t(x) = -5*x**2 - 21*x + 13. Let w(g) = -4*s(g) + 5*t(g). Is w(-14) a prime number?
False
Suppose h - 3165 = m, 4*h - 300 = 3*m + 12363. Suppose -12*p + 10*p + h = 0. Let c = -1021 + p. Is c composite?
False
Let y be 8/(-10) + 269/5. Suppose -230 = -y*x + 51*x. Is x a composite number?
True
Suppose 4798*n + 405228 = 4802*n. Is n a prime number?
False
Let z(m) = 218*m**2 - 12*m + 3. Is z(-5) a composite number?
True
Suppose 0 = -y + 4*k + 22, 4*y - 5*k + 2*k = 23. Suppose 4*r + 20 = -4. Is 2 + y - 2790/r a composite number?
True
L